{"id":86,"date":"2019-02-11T08:43:25","date_gmt":"2019-02-11T08:43:25","guid":{"rendered":"http:\/\/guardeduendesyhadas.com\/?page_id=86"},"modified":"2019-02-21T19:35:50","modified_gmt":"2019-02-21T19:35:50","slug":"banos","status":"publish","type":"page","link":"https:\/\/guardeduendesyhadas.com\/?page_id=86","title":{"rendered":"Ba\u00f1os"},"content":{"rendered":"\n<p>Ordenados y limpios. Accesibles incluso para los m\u00e1s peque\u00f1os. Con colores agradables y ba\u00f1era de apoyo. <\/p>\n\n\n\n<p><code><div id=\"envira-gallery-wrap-220\" class=\"envira-gallery-wrap envira-gallery-theme-base envira-lightbox-theme-base\" itemscope itemtype=\"https:\/\/schema.org\/ImageGallery\"><div data-row-height=\"\" data-gallery-theme=\"\" id=\"envira-gallery-220\" class=\"envira-gallery-public  envira-gallery-3-columns envira-clear enviratope envira-gallery-css-animations\" data-envira-columns=\"3\"><div id=\"envira-gallery-item-221\" class=\"envira-gallery-item enviratope-item envira-gallery-item-1 envira-lazy-load\" style=\"padding-left: 10px; padding-bottom: 25px; padding-right: 10px;\"  itemscope itemtype=\"https:\/\/schema.org\/ImageObject\"><div class=\"envira-gallery-item-inner\"><div class=\"envira-gallery-position-overlay  envira-gallery-top-left\"><\/div><div class=\"envira-gallery-position-overlay  envira-gallery-top-right\"><\/div><div class=\"envira-gallery-position-overlay  envira-gallery-bottom-left\"><\/div><div class=\"envira-gallery-position-overlay  envira-gallery-bottom-right\"><\/div><a href=\"https:\/\/guardeduendesyhadas.com\/wp-content\/uploads\/2019\/02\/IMG_4537.jpg\" class=\"envira-gallery-220 envira-gallery-link\" rel=\"enviragallery220\" title=\"IMG_4537\" data-envira-caption=\"IMG_4537\" data-envira-retina=\"\" data-thumbnail=\"\"  itemprop=\"contentUrl\"><div class=\"envira-lazy\" data-test-width=\"640\" data-test-height=\"480\" style=\"padding-bottom:75%;\"><img decoding=\"async\" id=\"envira-gallery-image-221\" class=\"envira-gallery-image envira-gallery-image-1\" data-envira-index=\"1\" src=\"https:\/\/guardeduendesyhadas.com\/wp-content\/uploads\/2019\/02\/IMG_4537-300x200.jpg\" data-envira-src=\"https:\/\/guardeduendesyhadas.com\/wp-content\/uploads\/2019\/02\/IMG_4537-300x200.jpg\" data-envira-gallery-id=\"220\" data-envira-item-id=\"221\" data-envira-caption=\"IMG_4537\" alt=\"\" title=\"IMG_4537\"  itemprop=\"thumbnailUrl\" data-envira-srcset=\"https:\/\/guardeduendesyhadas.com\/wp-content\/uploads\/2019\/02\/IMG_4537-300x200.jpg 400w,https:\/\/guardeduendesyhadas.com\/wp-content\/uploads\/2019\/02\/IMG_4537-300x200.jpg 2x\" srcset=\"data:image\/gif;base64,R0lGODlhAQABAIAAAP\/\/\/\/\/\/\/yH5BAEKAAEALAAAAAABAAEAAAICTAEAOw==\" \/><\/div><\/a><\/div><\/div><div id=\"envira-gallery-item-222\" class=\"envira-gallery-item enviratope-item envira-gallery-item-2 envira-lazy-load\" style=\"padding-left: 10px; padding-bottom: 25px; padding-right: 10px;\"  itemscope itemtype=\"https:\/\/schema.org\/ImageObject\"><div class=\"envira-gallery-item-inner\"><div class=\"envira-gallery-position-overlay  envira-gallery-top-left\"><\/div><div class=\"envira-gallery-position-overlay  envira-gallery-top-right\"><\/div><div class=\"envira-gallery-position-overlay  envira-gallery-bottom-left\"><\/div><div class=\"envira-gallery-position-overlay  envira-gallery-bottom-right\"><\/div><a href=\"https:\/\/guardeduendesyhadas.com\/wp-content\/uploads\/2019\/02\/IMG_4538.jpg\" class=\"envira-gallery-220 envira-gallery-link\" rel=\"enviragallery220\" title=\"IMG_4538\" data-envira-caption=\"IMG_4538\" data-envira-retina=\"\" data-thumbnail=\"\"  itemprop=\"contentUrl\"><div class=\"envira-lazy\" data-test-width=\"640\" data-test-height=\"480\" style=\"padding-bottom:75%;\"><img decoding=\"async\" id=\"envira-gallery-image-222\" class=\"envira-gallery-image envira-gallery-image-2\" data-envira-index=\"2\" src=\"https:\/\/guardeduendesyhadas.com\/wp-content\/uploads\/2019\/02\/IMG_4538-300x200.jpg\" data-envira-src=\"https:\/\/guardeduendesyhadas.com\/wp-content\/uploads\/2019\/02\/IMG_4538-300x200.jpg\" data-envira-gallery-id=\"220\" data-envira-item-id=\"222\" data-envira-caption=\"IMG_4538\" alt=\"\" title=\"IMG_4538\"  itemprop=\"thumbnailUrl\" data-envira-srcset=\"https:\/\/guardeduendesyhadas.com\/wp-content\/uploads\/2019\/02\/IMG_4538-300x200.jpg 400w,https:\/\/guardeduendesyhadas.com\/wp-content\/uploads\/2019\/02\/IMG_4538-300x200.jpg 2x\" srcset=\"data:image\/gif;base64,R0lGODlhAQABAIAAAP\/\/\/\/\/\/\/yH5BAEKAAEALAAAAAABAAEAAAICTAEAOw==\" \/><\/div><\/a><\/div><\/div><div id=\"envira-gallery-item-227\" class=\"envira-gallery-item enviratope-item envira-gallery-item-3 envira-lazy-load\" style=\"padding-left: 10px; padding-bottom: 25px; padding-right: 10px;\"  itemscope itemtype=\"https:\/\/schema.org\/ImageObject\"><div class=\"envira-gallery-item-inner\"><div class=\"envira-gallery-position-overlay  envira-gallery-top-left\"><\/div><div class=\"envira-gallery-position-overlay  envira-gallery-top-right\"><\/div><div class=\"envira-gallery-position-overlay  envira-gallery-bottom-left\"><\/div><div class=\"envira-gallery-position-overlay  envira-gallery-bottom-right\"><\/div><a href=\"https:\/\/guardeduendesyhadas.com\/wp-content\/uploads\/2019\/02\/IMG_4543.jpg\" class=\"envira-gallery-220 envira-gallery-link\" rel=\"enviragallery220\" title=\"IMG_4543\" data-envira-caption=\"IMG_4543\" data-envira-retina=\"\" data-thumbnail=\"\"  itemprop=\"contentUrl\"><div class=\"envira-lazy\" data-test-width=\"640\" data-test-height=\"480\" style=\"padding-bottom:75%;\"><img decoding=\"async\" id=\"envira-gallery-image-227\" class=\"envira-gallery-image envira-gallery-image-3\" data-envira-index=\"3\" src=\"https:\/\/guardeduendesyhadas.com\/wp-content\/uploads\/2019\/02\/IMG_4543-300x200.jpg\" data-envira-src=\"https:\/\/guardeduendesyhadas.com\/wp-content\/uploads\/2019\/02\/IMG_4543-300x200.jpg\" data-envira-gallery-id=\"220\" data-envira-item-id=\"227\" data-envira-caption=\"IMG_4543\" alt=\"\" title=\"IMG_4543\"  itemprop=\"thumbnailUrl\" data-envira-srcset=\"https:\/\/guardeduendesyhadas.com\/wp-content\/uploads\/2019\/02\/IMG_4543-300x200.jpg 400w,https:\/\/guardeduendesyhadas.com\/wp-content\/uploads\/2019\/02\/IMG_4543-300x200.jpg 2x\" srcset=\"data:image\/gif;base64,R0lGODlhAQABAIAAAP\/\/\/\/\/\/\/yH5BAEKAAEALAAAAAABAAEAAAICTAEAOw==\" \/><\/div><\/a><\/div><\/div><div id=\"envira-gallery-item-225\" class=\"envira-gallery-item enviratope-item envira-gallery-item-4 envira-lazy-load\" style=\"padding-left: 10px; padding-bottom: 25px; padding-right: 10px;\"  itemscope itemtype=\"https:\/\/schema.org\/ImageObject\"><div class=\"envira-gallery-item-inner\"><div class=\"envira-gallery-position-overlay  envira-gallery-top-left\"><\/div><div class=\"envira-gallery-position-overlay  envira-gallery-top-right\"><\/div><div class=\"envira-gallery-position-overlay  envira-gallery-bottom-left\"><\/div><div class=\"envira-gallery-position-overlay  envira-gallery-bottom-right\"><\/div><a href=\"https:\/\/guardeduendesyhadas.com\/wp-content\/uploads\/2019\/02\/IMG_4541.jpg\" class=\"envira-gallery-220 envira-gallery-link\" rel=\"enviragallery220\" title=\"IMG_4541\" data-envira-caption=\"IMG_4541\" data-envira-retina=\"\" data-thumbnail=\"\"  itemprop=\"contentUrl\"><div class=\"envira-lazy\" data-test-width=\"640\" data-test-height=\"480\" style=\"padding-bottom:75%;\"><img decoding=\"async\" id=\"envira-gallery-image-225\" class=\"envira-gallery-image envira-gallery-image-4\" data-envira-index=\"4\" src=\"https:\/\/guardeduendesyhadas.com\/wp-content\/uploads\/2019\/02\/IMG_4541-200x300.jpg\" data-envira-src=\"https:\/\/guardeduendesyhadas.com\/wp-content\/uploads\/2019\/02\/IMG_4541-200x300.jpg\" data-envira-gallery-id=\"220\" data-envira-item-id=\"225\" data-envira-caption=\"IMG_4541\" alt=\"\" title=\"IMG_4541\"  itemprop=\"thumbnailUrl\" data-envira-srcset=\"https:\/\/guardeduendesyhadas.com\/wp-content\/uploads\/2019\/02\/IMG_4541-200x300.jpg 400w,https:\/\/guardeduendesyhadas.com\/wp-content\/uploads\/2019\/02\/IMG_4541-200x300.jpg 2x\" srcset=\"data:image\/gif;base64,R0lGODlhAQABAIAAAP\/\/\/\/\/\/\/yH5BAEKAAEALAAAAAABAAEAAAICTAEAOw==\" \/><\/div><\/a><\/div><\/div><\/div><\/div><noscript><img decoding=\"async\" src=\"https:\/\/guardeduendesyhadas.com\/wp-content\/uploads\/2019\/02\/IMG_4537.jpg\" alt=\"\" \/><img decoding=\"async\" src=\"https:\/\/guardeduendesyhadas.com\/wp-content\/uploads\/2019\/02\/IMG_4538.jpg\" alt=\"\" \/><img decoding=\"async\" src=\"https:\/\/guardeduendesyhadas.com\/wp-content\/uploads\/2019\/02\/IMG_4543.jpg\" alt=\"\" \/><img decoding=\"async\" src=\"https:\/\/guardeduendesyhadas.com\/wp-content\/uploads\/2019\/02\/IMG_4541.jpg\" alt=\"\" \/><\/noscript><\/code><a href=\"https:\/\/guardeduendesyhadas.com\/wp-admin\/edit.php?post_type=envira#\"><br>\n\n<\/a><\/p>\n","protected":false},"excerpt":{"rendered":"<p>Ordenados y limpios. Accesibles incluso para los m\u00e1s peque\u00f1os. Con colores agradables y ba\u00f1era de apoyo.<\/p>\n","protected":false},"author":1,"featured_media":0,"parent":0,"menu_order":0,"comment_status":"closed","ping_status":"closed","template":"","meta":{"footnotes":""},"class_list":["post-86","page","type-page","status-publish","hentry"],"_links":{"self":[{"href":"https:\/\/guardeduendesyhadas.com\/index.php?rest_route=\/wp\/v2\/pages\/86"}],"collection":[{"href":"https:\/\/guardeduendesyhadas.com\/index.php?rest_route=\/wp\/v2\/pages"}],"about":[{"href":"https:\/\/guardeduendesyhadas.com\/index.php?rest_route=\/wp\/v2\/types\/page"}],"author":[{"embeddable":true,"href":"https:\/\/guardeduendesyhadas.com\/index.php?rest_route=\/wp\/v2\/users\/1"}],"replies":[{"embeddable":true,"href":"https:\/\/guardeduendesyhadas.com\/index.php?rest_route=%2Fwp%2Fv2%2Fcomments&post=86"}],"version-history":[{"count":3,"href":"https:\/\/guardeduendesyhadas.com\/index.php?rest_route=\/wp\/v2\/pages\/86\/revisions"}],"predecessor-version":[{"id":500,"href":"https:\/\/guardeduendesyhadas.com\/index.php?rest_route=\/wp\/v2\/pages\/86\/revisions\/500"}],"wp:attachment":[{"href":"https:\/\/guardeduendesyhadas.com\/index.php?rest_route=%2Fwp%2Fv2%2Fmedia&parent=86"}],"curies":[{"name":"wp","href":"https:\/\/api.w.org\/{rel}","templated":true}]}}