{"id":64,"date":"2019-02-11T08:40:44","date_gmt":"2019-02-11T08:40:44","guid":{"rendered":"http:\/\/guardeduendesyhadas.com\/?page_id=64"},"modified":"2019-02-11T10:22:20","modified_gmt":"2019-02-11T10:22:20","slug":"a-la-familia","status":"publish","type":"page","link":"https:\/\/guardeduendesyhadas.com\/?page_id=64","title":{"rendered":"A la familia"},"content":{"rendered":"\n<p>Uno de nuestros objetivos principales es participar y colaborar\nen la educaci\u00f3n de los m\u00e1s peque\u00f1os y, hacer que sus familias se sientan parte\nintegrante de nuestro Planeta, para lograr todo esto realizamos una\ncomunicaci\u00f3n bidireccional mediante:<\/p>\n\n\n\n<p><strong>Agenda personal:<\/strong><\/p>\n\n\n\n<p>Diariamente se entrega informaci\u00f3n sobre el comportamiento del\nalumno y las actividades que ha realizado. Tambi\u00e9n los padres pueden\ninformarnos sobre su hij@, si necesita alguna dieta especial, alg\u00fan cambio en\nla persona que le recoge, medicaci\u00f3n, y otros temas de inter\u00e9s.<\/p>\n\n\n\n<p><strong>Entrevistas personales:<\/strong><\/p>\n\n\n\n<p>\u2022 Entrevista inicial: Al comenzar la etapa del peque\u00f1o en Duendes\ny Hadas realizamos una entrevista para tratar temas como la evoluci\u00f3n del ni\u00f1o\nhasta el momento, sus caracter\u00edsticas actuales, su entorno familiar, etc con el\nfin de facilitar su adaptaci\u00f3n.<\/p>\n\n\n\n<p>\u2022 Tutor\u00edas personales: Pueden solicitarlas tanto la familia como\nel tutor para abordar temas como la situaci\u00f3n general del peque\u00f1o, hechos\npuntuales, plantear l\u00edneas de actuaci\u00f3n conjuntas.<\/p>\n\n\n\n<p>\u2022 Entrevista fin de etapa: Informaci\u00f3n personal a las familias\nhaciendo una valoraci\u00f3n de los resultados obtenidos por su hijo a lo largo de\ntodo el ciclo, tanto en aspectos sociales, cognitivos, personales, de\ncomunicaci\u00f3n, etc<\/p>\n\n\n\n<p><strong>Reuniones de aula:<\/strong><\/p>\n\n\n\n<p>\u2022 Reuni\u00f3n inicio de curso: Donde se plantean las caracter\u00edsticas\ndel grupo de alumnos, la situaci\u00f3n, los objetivos a trabajar, la forma de\ntrabajo, as\u00ed como ciertas actividades que se desarrollar\u00e1n a lo largo del\ncurso.<\/p>\n\n\n\n<p>\u2022 Reuniones puntuales: Estas reuniones se programan para tratar\nalg\u00fan tema que inquieta tanto a padres como educadores, valorar resultados o\nsituaciones que debamos afrontar en conjunto, y organizar actividades y eventos\nfamilia-escuela.<\/p>\n","protected":false},"excerpt":{"rendered":"<p>Uno de nuestros objetivos principales es participar y colaborar en la educaci\u00f3n de los m\u00e1s peque\u00f1os y, hacer que sus familias se sientan parte integrante de nuestro Planeta, para lograr &#8230;<\/p>\n","protected":false},"author":1,"featured_media":0,"parent":0,"menu_order":0,"comment_status":"closed","ping_status":"closed","template":"","meta":{"footnotes":""},"class_list":["post-64","page","type-page","status-publish","hentry"],"_links":{"self":[{"href":"https:\/\/guardeduendesyhadas.com\/index.php?rest_route=\/wp\/v2\/pages\/64"}],"collection":[{"href":"https:\/\/guardeduendesyhadas.com\/index.php?rest_route=\/wp\/v2\/pages"}],"about":[{"href":"https:\/\/guardeduendesyhadas.com\/index.php?rest_route=\/wp\/v2\/types\/page"}],"author":[{"embeddable":true,"href":"https:\/\/guardeduendesyhadas.com\/index.php?rest_route=\/wp\/v2\/users\/1"}],"replies":[{"embeddable":true,"href":"https:\/\/guardeduendesyhadas.com\/index.php?rest_route=%2Fwp%2Fv2%2Fcomments&post=64"}],"version-history":[{"count":2,"href":"https:\/\/guardeduendesyhadas.com\/index.php?rest_route=\/wp\/v2\/pages\/64\/revisions"}],"predecessor-version":[{"id":232,"href":"https:\/\/guardeduendesyhadas.com\/index.php?rest_route=\/wp\/v2\/pages\/64\/revisions\/232"}],"wp:attachment":[{"href":"https:\/\/guardeduendesyhadas.com\/index.php?rest_route=%2Fwp%2Fv2%2Fmedia&parent=64"}],"curies":[{"name":"wp","href":"https:\/\/api.w.org\/{rel}","templated":true}]}}